{"id":315,"date":"2025-06-15T18:51:13","date_gmt":"2025-06-15T18:51:13","guid":{"rendered":"https:\/\/chocoart.ma\/?page_id=315"},"modified":"2025-06-15T19:25:55","modified_gmt":"2025-06-15T19:25:55","slug":"a-propos","status":"publish","type":"page","link":"https:\/\/chocoart.ma\/index.php\/a-propos\/","title":{"rendered":"\u00c0 propos"},"content":{"rendered":"\t\t<div data-elementor-type=\"wp-page\" data-elementor-id=\"315\" class=\"elementor elementor-315\" data-elementor-post-type=\"page\">\n\t\t\t\t\t\t<section class=\"elementor-section elementor-top-section elementor-element elementor-element-dbd37a3 elementor-section-stretched elementor-section-boxed elementor-section-height-default elementor-section-height-default\" data-id=\"dbd37a3\" data-element_type=\"section\" data-settings=\"{&quot;background_background&quot;:&quot;classic&quot;,&quot;stretch_section&quot;:&quot;section-stretched&quot;}\">\n\t\t\t\t\t\t\t<div class=\"elementor-background-overlay\"><\/div>\n\t\t\t\t\t\t\t<div class=\"elementor-container elementor-column-gap-no\">\n\t\t\t\t\t<div class=\"elementor-column elementor-col-100 elementor-top-column elementor-element elementor-element-6176935e\" data-id=\"6176935e\" data-element_type=\"column\">\n\t\t\t<div class=\"elementor-widget-wrap elementor-element-populated\">\n\t\t\t\t\t\t<div class=\"elementor-element elementor-element-71f8a9a3 elementor-widget elementor-widget-text-editor\" data-id=\"71f8a9a3\" data-element_type=\"widget\" data-widget_type=\"text-editor.default\">\n\t\t\t\t<div class=\"elementor-widget-container\">\n\t\t\t\t\t\t\t\t\t<p>L\u2019Art de Sublimer le Chocolat avec \u00c9l\u00e9gance<\/p>\t\t\t\t\t\t\t\t<\/div>\n\t\t\t\t<\/div>\n\t\t\t\t\t<\/div>\n\t\t<\/div>\n\t\t\t\t\t<\/div>\n\t\t<\/section>\n\t\t\t\t<section class=\"elementor-section elementor-top-section elementor-element elementor-element-9e091a9 elementor-section-stretched elementor-section-boxed elementor-section-height-default elementor-section-height-default\" data-id=\"9e091a9\" data-element_type=\"section\" data-settings=\"{&quot;stretch_section&quot;:&quot;section-stretched&quot;}\">\n\t\t\t\t\t\t<div class=\"elementor-container elementor-column-gap-no\">\n\t\t\t\t\t<div class=\"elementor-column elementor-col-100 elementor-top-column elementor-element elementor-element-35732dee\" data-id=\"35732dee\" data-element_type=\"column\">\n\t\t\t<div class=\"elementor-widget-wrap elementor-element-populated\">\n\t\t\t\t\t\t<section class=\"elementor-section elementor-inner-section elementor-element elementor-element-31c8c55f elementor-section-boxed elementor-section-height-default elementor-section-height-default\" data-id=\"31c8c55f\" data-element_type=\"section\">\n\t\t\t\t\t\t<div class=\"elementor-container elementor-column-gap-no\">\n\t\t\t\t\t<div class=\"elementor-column elementor-col-100 elementor-inner-column elementor-element elementor-element-79a6ce2e\" data-id=\"79a6ce2e\" data-element_type=\"column\">\n\t\t\t<div class=\"elementor-widget-wrap elementor-element-populated\">\n\t\t\t\t\t\t<div class=\"elementor-element elementor-element-3a894dc3 elementor-widget elementor-widget-image\" data-id=\"3a894dc3\" data-element_type=\"widget\" data-widget_type=\"image.default\">\n\t\t\t\t<div class=\"elementor-widget-container\">\n\t\t\t\t\t\t\t\t\t\t\t\t\t\t\t<img decoding=\"async\" src=\"https:\/\/chocoart.ma\/wp-content\/uploads\/elementor\/thumbs\/chocolat-fourre-praline-640-r7cvz2taei272kv1w0mz52nj0kn2g9yginz5k8i3f4.jpg\" title=\"chocolat-fourre-praline-640\" alt=\"chocolat-fourre-praline-640\" loading=\"lazy\" \/>\t\t\t\t\t\t\t\t\t\t\t\t\t\t\t<\/div>\n\t\t\t\t<\/div>\n\t\t\t\t<div class=\"elementor-element elementor-element-1b754e3d elementor-widget elementor-widget-heading\" data-id=\"1b754e3d\" data-element_type=\"widget\" data-widget_type=\"heading.default\">\n\t\t\t\t<div class=\"elementor-widget-container\">\n\t\t\t\t\t<h2 class=\"elementor-heading-title elementor-size-default\">\u00c0 propos de Chocoart<\/h2>\t\t\t\t<\/div>\n\t\t\t\t<\/div>\n\t\t\t\t<div class=\"elementor-element elementor-element-513e40f elementor-widget elementor-widget-heading\" data-id=\"513e40f\" data-element_type=\"widget\" data-widget_type=\"heading.default\">\n\t\t\t\t<div class=\"elementor-widget-container\">\n\t\t\t\t\t<h6 class=\"elementor-heading-title elementor-size-default\">L\u2019Art de Sublimer le Chocolat avec \u00c9l\u00e9gance<\/h6>\t\t\t\t<\/div>\n\t\t\t\t<\/div>\n\t\t\t\t<div class=\"elementor-element elementor-element-3abb2768 elementor-widget__width-initial elementor-widget elementor-widget-text-editor\" data-id=\"3abb2768\" data-element_type=\"widget\" data-widget_type=\"text-editor.default\">\n\t\t\t\t<div class=\"elementor-widget-container\">\n\t\t\t\t\t\t\t\t\t<p>Chez <strong data-start=\"273\" data-end=\"285\">Chocoart<\/strong>, chaque cr\u00e9ation est pens\u00e9e comme une \u0153uvre d\u2019art gourmande.<br data-start=\"346\" data-end=\"349\" \/>Notre mission ? Offrir des <strong data-start=\"376\" data-end=\"423\">moments de plaisir authentiques et raffin\u00e9s<\/strong>, en alliant le meilleur du <strong data-start=\"451\" data-end=\"483\">chocolat belge haut de gamme<\/strong> aux <strong data-start=\"488\" data-end=\"523\">saveurs d\u2019inspiration orientale<\/strong>.<\/p>\t\t\t\t\t\t\t\t<\/div>\n\t\t\t\t<\/div>\n\t\t\t\t\t<\/div>\n\t\t<\/div>\n\t\t\t\t\t<\/div>\n\t\t<\/section>\n\t\t\t\t\t<\/div>\n\t\t<\/div>\n\t\t\t\t\t<\/div>\n\t\t<\/section>\n\t\t\t\t<section class=\"elementor-section elementor-top-section elementor-element elementor-element-1c49ea6 elementor-section-full_width elementor-section-height-min-height elementor-section-height-default elementor-section-items-middle\" data-id=\"1c49ea6\" data-element_type=\"section\" data-settings=\"{&quot;background_background&quot;:&quot;classic&quot;}\">\n\t\t\t\t\t\t\t<div class=\"elementor-background-overlay\"><\/div>\n\t\t\t\t\t\t\t<div class=\"elementor-container elementor-column-gap-no\">\n\t\t\t\t\t<div class=\"elementor-column elementor-col-100 elementor-top-column elementor-element elementor-element-e938fd8\" data-id=\"e938fd8\" data-element_type=\"column\">\n\t\t\t<div class=\"elementor-widget-wrap elementor-element-populated\">\n\t\t\t\t\t\t<section class=\"elementor-section elementor-inner-section elementor-element elementor-element-f4cc920 elementor-section-height-min-height elementor-section-boxed elementor-section-height-default\" data-id=\"f4cc920\" data-element_type=\"section\" data-settings=\"{&quot;background_background&quot;:&quot;classic&quot;}\">\n\t\t\t\t\t\t<div class=\"elementor-container elementor-column-gap-no\">\n\t\t\t\t\t<div class=\"elementor-column elementor-col-100 elementor-inner-column elementor-element elementor-element-c92e13a\" data-id=\"c92e13a\" data-element_type=\"column\" data-settings=\"{&quot;background_background&quot;:&quot;classic&quot;}\">\n\t\t\t<div class=\"elementor-widget-wrap elementor-element-populated\">\n\t\t\t\t\t\t<div class=\"elementor-element elementor-element-4817cae elementor-widget elementor-widget-heading\" data-id=\"4817cae\" data-element_type=\"widget\" data-widget_type=\"heading.default\">\n\t\t\t\t<div class=\"elementor-widget-container\">\n\t\t\t\t\t<h2 class=\"elementor-heading-title elementor-size-default\">Pourquoi Choisir Chocoart ?<\/h2>\t\t\t\t<\/div>\n\t\t\t\t<\/div>\n\t\t\t\t<div class=\"elementor-element elementor-element-ee3ef4d elementor-widget elementor-widget-heading\" data-id=\"ee3ef4d\" data-element_type=\"widget\" data-widget_type=\"heading.default\">\n\t\t\t\t<div class=\"elementor-widget-container\">\n\t\t\t\t\t<h6 class=\"elementor-heading-title elementor-size-default\">Chez Chocoart, chaque d\u00e9tail compte. De la qualit\u00e9 de nos ingr\u00e9dients \u00e0 la finesse de nos pr\u00e9sentations, nous mettons tout en \u0153uvre pour vous offrir une exp\u00e9rience gourmande unique.<\/h6>\t\t\t\t<\/div>\n\t\t\t\t<\/div>\n\t\t\t\t<div class=\"elementor-element elementor-element-75530da elementor-widget elementor-widget-price-list\" data-id=\"75530da\" data-element_type=\"widget\" data-widget_type=\"price-list.default\">\n\t\t\t\t<div class=\"elementor-widget-container\">\n\t\t\t\t\t\n\t\t<ul class=\"elementor-price-list\">\n\n\t\t\t\t\t\t\t\t\t<li><a class=\"elementor-price-list-item\" href=\"#\">\t\t\t\t\n\t\t\t\t<div class=\"elementor-price-list-text\">\n\t\t\t\t\t\t\t\t\t<div class=\"elementor-price-list-header\">\n\t\t\t\t\t\t\t\t\t\t\t<span class=\"elementor-price-list-title\">\n\t\t\t\t\t\t\tChocolat belge haut de gamme\t\t\t\t\t\t<\/span>\n\t\t\t\t\t\t\t\t\t\t\t\t\t\t\t\t\t\t\t\t\t<\/div>\n\t\t\t\t\t\t\t\t\t\t\t\t\t\t\t<p class=\"elementor-price-list-description\">\n\t\t\t\t\t\t\tNous utilisons uniquement du chocolat pur origine, reconnu pour sa richesse aromatique et sa douceur incomparable.\t\t\t\t\t\t<\/p>\n\t\t\t\t\t\t\t\t<\/div>\n\t\t\t\t<\/a><\/li>\t\t\t\t\t\t\t\t\t\t\t\t<li><a class=\"elementor-price-list-item\" href=\"#\">\t\t\t\t\n\t\t\t\t<div class=\"elementor-price-list-text\">\n\t\t\t\t\t\t\t\t\t<div class=\"elementor-price-list-header\">\n\t\t\t\t\t\t\t\t\t\t\t<span class=\"elementor-price-list-title\">\n\t\t\t\t\t\t\tIngr\u00e9dients nobles et naturels\t\t\t\t\t\t<\/span>\n\t\t\t\t\t\t\t\t\t\t\t\t\t\t\t\t\t\t\t\t\t<\/div>\n\t\t\t\t\t\t\t\t\t\t\t\t\t\t\t<p class=\"elementor-price-list-description\">\n\t\t\t\t\t\t\tDattes Medjool, pistaches fra\u00eeches, noisettes enti\u00e8res, caramel maison\u2026 rien que le meilleur.\t\t\t\t\t\t<\/p>\n\t\t\t\t\t\t\t\t<\/div>\n\t\t\t\t<\/a><\/li>\t\t\t\t\t\t\t\t\t\t\t\t<li><a class=\"elementor-price-list-item\" href=\"#\">\t\t\t\t\n\t\t\t\t<div class=\"elementor-price-list-text\">\n\t\t\t\t\t\t\t\t\t<div class=\"elementor-price-list-header\">\n\t\t\t\t\t\t\t\t\t\t\t<span class=\"elementor-price-list-title\">\n\t\t\t\t\t\t\tFabrication artisanale\t\t\t\t\t\t<\/span>\n\t\t\t\t\t\t\t\t\t\t\t\t\t\t\t\t\t\t\t\t\t<\/div>\n\t\t\t\t\t\t\t\t\t\t\t\t\t\t\t<p class=\"elementor-price-list-description\">\n\t\t\t\t\t\t\tNos cr\u00e9ations sont faites \u00e0 la main, en petites quantit\u00e9s, pour garantir fra\u00eecheur et qualit\u00e9.\t\t\t\t\t\t<\/p>\n\t\t\t\t\t\t\t\t<\/div>\n\t\t\t\t<\/a><\/li>\t\t\t\t\t\n\t\t<\/ul>\n\n\t\t\t\t\t\t<\/div>\n\t\t\t\t<\/div>\n\t\t\t\t\t<\/div>\n\t\t<\/div>\n\t\t\t\t\t<\/div>\n\t\t<\/section>\n\t\t\t\t\t<\/div>\n\t\t<\/div>\n\t\t\t\t\t<\/div>\n\t\t<\/section>\n\t\t\t\t<section class=\"elementor-section elementor-top-section elementor-element elementor-element-808fddb elementor-section-full_width elementor-section-height-default elementor-section-height-default\" data-id=\"808fddb\" data-element_type=\"section\">\n\t\t\t\t\t\t<div class=\"elementor-container elementor-column-gap-no\">\n\t\t\t\t\t<div class=\"elementor-column elementor-col-100 elementor-top-column elementor-element elementor-element-3ccfb0a\" data-id=\"3ccfb0a\" data-element_type=\"column\">\n\t\t\t<div class=\"elementor-widget-wrap elementor-element-populated\">\n\t\t\t\t\t\t<section class=\"elementor-section elementor-inner-section elementor-element elementor-element-9e4df64 elementor-section-boxed elementor-section-height-default elementor-section-height-default\" data-id=\"9e4df64\" data-element_type=\"section\">\n\t\t\t\t\t\t<div class=\"elementor-container elementor-column-gap-no\">\n\t\t\t\t\t<div class=\"elementor-column elementor-col-100 elementor-inner-column elementor-element elementor-element-37ef952\" data-id=\"37ef952\" data-element_type=\"column\">\n\t\t\t<div class=\"elementor-widget-wrap elementor-element-populated\">\n\t\t\t\t\t\t<div class=\"elementor-element elementor-element-8fabae4 elementor-widget elementor-widget-heading\" data-id=\"8fabae4\" data-element_type=\"widget\" data-widget_type=\"heading.default\">\n\t\t\t\t<div class=\"elementor-widget-container\">\n\t\t\t\t\t<h2 class=\"elementor-heading-title elementor-size-default\"> Ils Ont Craqu\u00e9 pour Chocoart<\/h2>\t\t\t\t<\/div>\n\t\t\t\t<\/div>\n\t\t\t\t<div class=\"elementor-element elementor-element-a477d03 elementor-widget elementor-widget-heading\" data-id=\"a477d03\" data-element_type=\"widget\" data-widget_type=\"heading.default\">\n\t\t\t\t<div class=\"elementor-widget-container\">\n\t\t\t\t\t<h6 class=\"elementor-heading-title elementor-size-default\">La satisfaction de nos clients est notre plus belle r\u00e9compense.<\/h6>\t\t\t\t<\/div>\n\t\t\t\t<\/div>\n\t\t\t\t<div class=\"elementor-element elementor-element-cad8d3c elementor-testimonial--layout-image_right elementor-testimonial--skin-default elementor-testimonial--align-center elementor-pagination-type-bullets elementor-widget elementor-widget-testimonial-carousel\" data-id=\"cad8d3c\" data-element_type=\"widget\" data-settings=\"{&quot;slides_per_view&quot;:&quot;1&quot;,&quot;slides_to_scroll&quot;:&quot;1&quot;,&quot;space_between&quot;:{&quot;unit&quot;:&quot;px&quot;,&quot;size&quot;:0,&quot;sizes&quot;:[]},&quot;pagination&quot;:&quot;bullets&quot;,&quot;speed&quot;:500,&quot;autoplay&quot;:&quot;yes&quot;,&quot;autoplay_speed&quot;:5000,&quot;loop&quot;:&quot;yes&quot;,&quot;pause_on_hover&quot;:&quot;yes&quot;,&quot;pause_on_interaction&quot;:&quot;yes&quot;,&quot;space_between_tablet&quot;:{&quot;unit&quot;:&quot;px&quot;,&quot;size&quot;:10,&quot;sizes&quot;:[]},&quot;space_between_mobile&quot;:{&quot;unit&quot;:&quot;px&quot;,&quot;size&quot;:10,&quot;sizes&quot;:[]}}\" data-widget_type=\"testimonial-carousel.default\">\n\t\t\t\t<div class=\"elementor-widget-container\">\n\t\t\t\t\t\t\t\t\t<div class=\"elementor-swiper\">\n\t\t\t\t\t<div class=\"elementor-main-swiper swiper\" role=\"region\" aria-roledescription=\"carousel\" aria-label=\"Slides\">\n\t\t\t\t<div class=\"swiper-wrapper\">\n\t\t\t\t\t\t\t\t\t\t\t<div class=\"swiper-slide\" role=\"group\" aria-roledescription=\"slide\">\n\t\t\t\t\t\t\t\t\t<div class=\"elementor-testimonial\">\n\t\t\t\t\t\t\t<div class=\"elementor-testimonial__content\">\n\t\t\t\t\t<div class=\"elementor-testimonial__text\">\n\t\t\t\t\t\t\"J\u2019ai command\u00e9 pour offrir, et tout le monde m\u2019a demand\u00e9 o\u00f9 je les ai trouv\u00e9s. Chocoart, c\u2019est du luxe accessible.\"\t\t\t\t\t<\/div>\n\t\t\t\t\t<cite class=\"elementor-testimonial__cite\"><span class=\"elementor-testimonial__name\">Nada B.<\/span><\/cite>\t\t\t\t<\/div>\n\t\t\t\t\t\t<div class=\"elementor-testimonial__footer\">\n\t\t\t\t\t\t\t\t\t\t\t<\/div>\n\t\t<\/div>\n\t\t\t\t\t\t\t\t<\/div>\n\t\t\t\t\t\t\t\t\t\t\t<div class=\"swiper-slide\" role=\"group\" aria-roledescription=\"slide\">\n\t\t\t\t\t\t\t\t\t<div class=\"elementor-testimonial\">\n\t\t\t\t\t\t\t<div class=\"elementor-testimonial__content\">\n\t\t\t\t\t<div class=\"elementor-testimonial__text\">\n\t\t\t\t\t\t \"Service au top, livraison rapide, et chocolat digne des plus grandes maisons.\"\t\t\t\t\t<\/div>\n\t\t\t\t\t<cite class=\"elementor-testimonial__cite\"><span class=\"elementor-testimonial__name\">Karim M<\/span><\/cite>\t\t\t\t<\/div>\n\t\t\t\t\t\t<div class=\"elementor-testimonial__footer\">\n\t\t\t\t\t\t\t\t\t\t\t<\/div>\n\t\t<\/div>\n\t\t\t\t\t\t\t\t<\/div>\n\t\t\t\t\t\t\t\t\t\t\t<div class=\"swiper-slide\" role=\"group\" aria-roledescription=\"slide\">\n\t\t\t\t\t\t\t\t\t<div class=\"elementor-testimonial\">\n\t\t\t\t\t\t\t<div class=\"elementor-testimonial__content\">\n\t\t\t\t\t<div class=\"elementor-testimonial__text\">\n\t\t\t\t\t\t \"Les dattes fourr\u00e9es pistache ? Une dinguerie. On sent la qualit\u00e9 dans chaque d\u00e9tail.\"\t\t\t\t\t<\/div>\n\t\t\t\t\t<cite class=\"elementor-testimonial__cite\"><span class=\"elementor-testimonial__name\">Yassine D.<\/span><\/cite>\t\t\t\t<\/div>\n\t\t\t\t\t\t<div class=\"elementor-testimonial__footer\">\n\t\t\t\t\t\t\t\t\t\t\t<\/div>\n\t\t<\/div>\n\t\t\t\t\t\t\t\t<\/div>\n\t\t\t\t\t\t\t\t\t<\/div>\n\t\t\t\t\t\t\t\t\t\t\t\t\t\t\t\t\t\t\t\t<div class=\"swiper-pagination\"><\/div>\n\t\t\t\t\t\t\t\t\t\t\t\t<\/div>\n\t\t\t\t<\/div>\n\t\t\t\t\t\t\t\t<\/div>\n\t\t\t\t<\/div>\n\t\t\t\t\t<\/div>\n\t\t<\/div>\n\t\t\t\t\t<\/div>\n\t\t<\/section>\n\t\t\t\t\t<\/div>\n\t\t<\/div>\n\t\t\t\t\t<\/div>\n\t\t<\/section>\n\t\t\t\t<\/div>\n\t\t","protected":false},"excerpt":{"rendered":"<p>L\u2019Art de Sublimer le Chocolat avec \u00c9l\u00e9gance \u00c0 propos de Chocoart L\u2019Art de Sublimer le Chocolat avec \u00c9l\u00e9gance Chez Chocoart, chaque cr\u00e9ation est pens\u00e9e comme une \u0153uvre d\u2019art gourmande.Notre mission ? Offrir des moments de plaisir authentiques et raffin\u00e9s, en alliant le meilleur du chocolat belge haut de gamme aux saveurs d\u2019inspiration orientale. Pourquoi Choisir [&hellip;]<\/p>\n","protected":false},"author":1,"featured_media":0,"parent":0,"menu_order":0,"comment_status":"closed","ping_status":"closed","template":"elementor_header_footer","meta":{"footnotes":""},"class_list":["post-315","page","type-page","status-publish","hentry"],"yoast_head":"<!-- This site is optimized with the Yoast SEO plugin v25.4 - https:\/\/yoast.com\/wordpress\/plugins\/seo\/ -->\n<title>\u00c0 propos - Choco Art<\/title>\n<meta name=\"robots\" content=\"index, follow, max-snippet:-1, max-image-preview:large, max-video-preview:-1\" \/>\n<link rel=\"canonical\" href=\"https:\/\/chocoart.ma\/index.php\/a-propos\/\" \/>\n<meta property=\"og:locale\" content=\"fr_FR\" \/>\n<meta property=\"og:type\" content=\"article\" \/>\n<meta property=\"og:title\" content=\"\u00c0 propos - Choco Art\" \/>\n<meta property=\"og:description\" content=\"L\u2019Art de Sublimer le Chocolat avec \u00c9l\u00e9gance \u00c0 propos de Chocoart L\u2019Art de Sublimer le Chocolat avec \u00c9l\u00e9gance Chez Chocoart, chaque cr\u00e9ation est pens\u00e9e comme une \u0153uvre d\u2019art gourmande.Notre mission ? Offrir des moments de plaisir authentiques et raffin\u00e9s, en alliant le meilleur du chocolat belge haut de gamme aux saveurs d\u2019inspiration orientale. Pourquoi Choisir [&hellip;]\" \/>\n<meta property=\"og:url\" content=\"https:\/\/chocoart.ma\/index.php\/a-propos\/\" \/>\n<meta property=\"og:site_name\" content=\"Choco Art\" \/>\n<meta property=\"article:modified_time\" content=\"2025-06-15T19:25:55+00:00\" \/>\n<meta property=\"og:image\" content=\"https:\/\/chocoart.ma\/wp-content\/uploads\/elementor\/thumbs\/chocolat-fourre-praline-640-r7cvz2taei272kv1w0mz52nj0kn2g9yginz5k8i3f4.jpg\" \/>\n<meta name=\"twitter:card\" content=\"summary_large_image\" \/>\n<meta name=\"twitter:label1\" content=\"Dur\u00e9e de lecture estim\u00e9e\" \/>\n\t<meta name=\"twitter:data1\" content=\"1 minute\" \/>\n<script type=\"application\/ld+json\" class=\"yoast-schema-graph\">{\"@context\":\"https:\/\/schema.org\",\"@graph\":[{\"@type\":\"WebPage\",\"@id\":\"https:\/\/chocoart.ma\/index.php\/a-propos\/\",\"url\":\"https:\/\/chocoart.ma\/index.php\/a-propos\/\",\"name\":\"\u00c0 propos - Choco Art\",\"isPartOf\":{\"@id\":\"https:\/\/chocoart.ma\/#website\"},\"primaryImageOfPage\":{\"@id\":\"https:\/\/chocoart.ma\/index.php\/a-propos\/#primaryimage\"},\"image\":{\"@id\":\"https:\/\/chocoart.ma\/index.php\/a-propos\/#primaryimage\"},\"thumbnailUrl\":\"https:\/\/chocoart.ma\/wp-content\/uploads\/elementor\/thumbs\/chocolat-fourre-praline-640-r7cvz2taei272kv1w0mz52nj0kn2g9yginz5k8i3f4.jpg\",\"datePublished\":\"2025-06-15T18:51:13+00:00\",\"dateModified\":\"2025-06-15T19:25:55+00:00\",\"breadcrumb\":{\"@id\":\"https:\/\/chocoart.ma\/index.php\/a-propos\/#breadcrumb\"},\"inLanguage\":\"fr-FR\",\"potentialAction\":[{\"@type\":\"ReadAction\",\"target\":[\"https:\/\/chocoart.ma\/index.php\/a-propos\/\"]}]},{\"@type\":\"ImageObject\",\"inLanguage\":\"fr-FR\",\"@id\":\"https:\/\/chocoart.ma\/index.php\/a-propos\/#primaryimage\",\"url\":\"https:\/\/chocoart.ma\/wp-content\/uploads\/elementor\/thumbs\/chocolat-fourre-praline-640-r7cvz2taei272kv1w0mz52nj0kn2g9yginz5k8i3f4.jpg\",\"contentUrl\":\"https:\/\/chocoart.ma\/wp-content\/uploads\/elementor\/thumbs\/chocolat-fourre-praline-640-r7cvz2taei272kv1w0mz52nj0kn2g9yginz5k8i3f4.jpg\"},{\"@type\":\"BreadcrumbList\",\"@id\":\"https:\/\/chocoart.ma\/index.php\/a-propos\/#breadcrumb\",\"itemListElement\":[{\"@type\":\"ListItem\",\"position\":1,\"name\":\"Accueil\",\"item\":\"https:\/\/chocoart.ma\/\"},{\"@type\":\"ListItem\",\"position\":2,\"name\":\"\u00c0 propos\"}]},{\"@type\":\"WebSite\",\"@id\":\"https:\/\/chocoart.ma\/#website\",\"url\":\"https:\/\/chocoart.ma\/\",\"name\":\"Choco Art\",\"description\":\"\",\"publisher\":{\"@id\":\"https:\/\/chocoart.ma\/#organization\"},\"potentialAction\":[{\"@type\":\"SearchAction\",\"target\":{\"@type\":\"EntryPoint\",\"urlTemplate\":\"https:\/\/chocoart.ma\/?s={search_term_string}\"},\"query-input\":{\"@type\":\"PropertyValueSpecification\",\"valueRequired\":true,\"valueName\":\"search_term_string\"}}],\"inLanguage\":\"fr-FR\"},{\"@type\":\"Organization\",\"@id\":\"https:\/\/chocoart.ma\/#organization\",\"name\":\"Choco Art\",\"url\":\"https:\/\/chocoart.ma\/\",\"logo\":{\"@type\":\"ImageObject\",\"inLanguage\":\"fr-FR\",\"@id\":\"https:\/\/chocoart.ma\/#\/schema\/logo\/image\/\",\"url\":\"https:\/\/chocoart.ma\/wp-content\/uploads\/2025\/06\/1-e1749500824507.png\",\"contentUrl\":\"https:\/\/chocoart.ma\/wp-content\/uploads\/2025\/06\/1-e1749500824507.png\",\"width\":1600,\"height\":944,\"caption\":\"Choco Art\"},\"image\":{\"@id\":\"https:\/\/chocoart.ma\/#\/schema\/logo\/image\/\"}}]}<\/script>\n<!-- \/ Yoast SEO plugin. -->","yoast_head_json":{"title":"\u00c0 propos - Choco Art","robots":{"index":"index","follow":"follow","max-snippet":"max-snippet:-1","max-image-preview":"max-image-preview:large","max-video-preview":"max-video-preview:-1"},"canonical":"https:\/\/chocoart.ma\/index.php\/a-propos\/","og_locale":"fr_FR","og_type":"article","og_title":"\u00c0 propos - Choco Art","og_description":"L\u2019Art de Sublimer le Chocolat avec \u00c9l\u00e9gance \u00c0 propos de Chocoart L\u2019Art de Sublimer le Chocolat avec \u00c9l\u00e9gance Chez Chocoart, chaque cr\u00e9ation est pens\u00e9e comme une \u0153uvre d\u2019art gourmande.Notre mission ? Offrir des moments de plaisir authentiques et raffin\u00e9s, en alliant le meilleur du chocolat belge haut de gamme aux saveurs d\u2019inspiration orientale. Pourquoi Choisir [&hellip;]","og_url":"https:\/\/chocoart.ma\/index.php\/a-propos\/","og_site_name":"Choco Art","article_modified_time":"2025-06-15T19:25:55+00:00","og_image":[{"url":"https:\/\/chocoart.ma\/wp-content\/uploads\/elementor\/thumbs\/chocolat-fourre-praline-640-r7cvz2taei272kv1w0mz52nj0kn2g9yginz5k8i3f4.jpg","type":"","width":"","height":""}],"twitter_card":"summary_large_image","twitter_misc":{"Dur\u00e9e de lecture estim\u00e9e":"1 minute"},"schema":{"@context":"https:\/\/schema.org","@graph":[{"@type":"WebPage","@id":"https:\/\/chocoart.ma\/index.php\/a-propos\/","url":"https:\/\/chocoart.ma\/index.php\/a-propos\/","name":"\u00c0 propos - Choco Art","isPartOf":{"@id":"https:\/\/chocoart.ma\/#website"},"primaryImageOfPage":{"@id":"https:\/\/chocoart.ma\/index.php\/a-propos\/#primaryimage"},"image":{"@id":"https:\/\/chocoart.ma\/index.php\/a-propos\/#primaryimage"},"thumbnailUrl":"https:\/\/chocoart.ma\/wp-content\/uploads\/elementor\/thumbs\/chocolat-fourre-praline-640-r7cvz2taei272kv1w0mz52nj0kn2g9yginz5k8i3f4.jpg","datePublished":"2025-06-15T18:51:13+00:00","dateModified":"2025-06-15T19:25:55+00:00","breadcrumb":{"@id":"https:\/\/chocoart.ma\/index.php\/a-propos\/#breadcrumb"},"inLanguage":"fr-FR","potentialAction":[{"@type":"ReadAction","target":["https:\/\/chocoart.ma\/index.php\/a-propos\/"]}]},{"@type":"ImageObject","inLanguage":"fr-FR","@id":"https:\/\/chocoart.ma\/index.php\/a-propos\/#primaryimage","url":"https:\/\/chocoart.ma\/wp-content\/uploads\/elementor\/thumbs\/chocolat-fourre-praline-640-r7cvz2taei272kv1w0mz52nj0kn2g9yginz5k8i3f4.jpg","contentUrl":"https:\/\/chocoart.ma\/wp-content\/uploads\/elementor\/thumbs\/chocolat-fourre-praline-640-r7cvz2taei272kv1w0mz52nj0kn2g9yginz5k8i3f4.jpg"},{"@type":"BreadcrumbList","@id":"https:\/\/chocoart.ma\/index.php\/a-propos\/#breadcrumb","itemListElement":[{"@type":"ListItem","position":1,"name":"Accueil","item":"https:\/\/chocoart.ma\/"},{"@type":"ListItem","position":2,"name":"\u00c0 propos"}]},{"@type":"WebSite","@id":"https:\/\/chocoart.ma\/#website","url":"https:\/\/chocoart.ma\/","name":"Choco Art","description":"","publisher":{"@id":"https:\/\/chocoart.ma\/#organization"},"potentialAction":[{"@type":"SearchAction","target":{"@type":"EntryPoint","urlTemplate":"https:\/\/chocoart.ma\/?s={search_term_string}"},"query-input":{"@type":"PropertyValueSpecification","valueRequired":true,"valueName":"search_term_string"}}],"inLanguage":"fr-FR"},{"@type":"Organization","@id":"https:\/\/chocoart.ma\/#organization","name":"Choco Art","url":"https:\/\/chocoart.ma\/","logo":{"@type":"ImageObject","inLanguage":"fr-FR","@id":"https:\/\/chocoart.ma\/#\/schema\/logo\/image\/","url":"https:\/\/chocoart.ma\/wp-content\/uploads\/2025\/06\/1-e1749500824507.png","contentUrl":"https:\/\/chocoart.ma\/wp-content\/uploads\/2025\/06\/1-e1749500824507.png","width":1600,"height":944,"caption":"Choco Art"},"image":{"@id":"https:\/\/chocoart.ma\/#\/schema\/logo\/image\/"}}]}},"_links":{"self":[{"href":"https:\/\/chocoart.ma\/index.php\/wp-json\/wp\/v2\/pages\/315","targetHints":{"allow":["GET"]}}],"collection":[{"href":"https:\/\/chocoart.ma\/index.php\/wp-json\/wp\/v2\/pages"}],"about":[{"href":"https:\/\/chocoart.ma\/index.php\/wp-json\/wp\/v2\/types\/page"}],"author":[{"embeddable":true,"href":"https:\/\/chocoart.ma\/index.php\/wp-json\/wp\/v2\/users\/1"}],"replies":[{"embeddable":true,"href":"https:\/\/chocoart.ma\/index.php\/wp-json\/wp\/v2\/comments?post=315"}],"version-history":[{"count":37,"href":"https:\/\/chocoart.ma\/index.php\/wp-json\/wp\/v2\/pages\/315\/revisions"}],"predecessor-version":[{"id":371,"href":"https:\/\/chocoart.ma\/index.php\/wp-json\/wp\/v2\/pages\/315\/revisions\/371"}],"wp:attachment":[{"href":"https:\/\/chocoart.ma\/index.php\/wp-json\/wp\/v2\/media?parent=315"}],"curies":[{"name":"wp","href":"https:\/\/api.w.org\/{rel}","templated":true}]}}